te the remainder when 76 is divided by 35.
6
Calculate the remainder when 836 is divided by 212.
200
Calculate the remainder when 239 is divided by 214.
25
Calculate the remainder when 1618 is divided by 322.
8
What is the remainder when 817 is divided by 91?
89
Calculate the remainder when 509 is divided by 224.
61
Calculate the remainder when 14818 is divided by 26.
24
Calculate the remainder when 196 is divided by 51.
43
Calculate the remainder when 45 is divided by 28.
17
Calculate the remainder when 149 is divided by 54.
41
What is the remainder when 620 is divided by 47?
9
Calculate the remainder when 795 is divided by 205.
180
What is the remainder when 2089 is divided by 8?
1
What is the remainder when 3235 is divided by 45?
40
Calculate the remainder when 383 is divided by 179.
25
What is the remainder when 290 is divided by 91?
17
What is the remainder when 16076 is divided by 268?
264
What is the remainder when 124 is divided by 8?
4
Calculate the remainder when 3071 is divided by 3068.
3
What is the remainder when 8262 is divided by 78?
72
Calculate the remainder when 197 is divided by 51.
44
Calculate the remainder when 978 is divided by 29.
21
Calculate the remainder when 118 is divided by 49.
20
Calculate the remainder when 58 is divided by 15.
13
Calculate the remainder when 147 is divided by 76.
71
Calculate the remainder when 254 is divided by 32.
30
Calculate the remainder when 829 is divided by 757.
72
What is the remainder when 467 is divided by 18?
17
Calculate the remainder when 88 is divided by 18.
16
What is the remainder when 1025 is divided by 57?
56
Calculate the remainder when 2202 is divided by 35.
32
Calculate the remainder when 192 is divided by 63.
3
What is the remainder when 24 is divided by 4?
0
What is the remainder when 10 is divided by 10?
0
Calculate the remainder when 239 is divided by 51.
35
What is the remainder when 11159 is divided by 8?
7
What is the remainder when 66 is divided by 28?
10
Calculate the remainder when 212 is divided by 53.
0
What is the remainder when 837 is divided by 111?
60
Calculate the remainder when 791 is divided by 13.
11
Calculate the remainder when 482 is divided by 157.
11
Calculate the remainder when 115 is divided by 9.
7
Calculate the remainder when 1119 is divided by 51.
48
Calculate the remainder when 117 is divided by 10.
7
What is the remainder when 376 is divided by 16?
8
Calculate the remainder when 286 is divided by 22.
0
Calculate the remainder when 97 is divided by 4.
1
Calculate the remainder when 62 is divided by 8.
6
What is the remainder when 491 is divided by 19?
16
Calculate the remainder when 237 is divided by 8.
5
What is the remainder when 989 is divided by 100?
89
What is the remainder when 207 is divided by 19?
17
What is the remainder when 118 is divided by 17?
16
Calculate the remainder when 236 is divided by 17.
15
Calculate the remainder when 85 is divided by 11.
8
Calculate the remainder when 96 is divided by 24.
0
Calculate the remainder when 250 is divided by 11.
8
What is the remainder when 108 is divided by 54?
0
Calculate the remainder when 14001 is divided by 47.
42
Calculate the remainder when 27279 is divided by 88.
87
Calculate the remainder when 125 is divided by 34.
23
Calculate the remainder when 538 is divided by 60.
58
Calculate the remainder when 16881 is divided by 6.
3
Calculate the remainder when 910 is divided by 30.
10
Calculate the remainder when 1431 is divided by 15.
6
What is the remainder when 711 is divided by 31?
29
Calculate the remainder when 245 is divided by 32.
21
What is the remainder when 3233 is divided by 23?
13
Calculate the remainder when 397 is divided by 21.
19
Calculate the remainder when 235 is divided by 24.
19
Calculate the remainder when 1083 is divided by 251.
79
What is the remainder when 690 is divided by 210?
60
What is the remainder when 81 is divided by 47?
34
Calculate the remainder when 402 is divided by 81.
78
Calculate the remainder when 537 is divided by 94.
67
Calculate the remainder when 212 is divided by 72.
68
Calculate the remainder when 772 is divided by 250.
22
Calculate the remainder when 84 is divided by 2.
0
Calculate the remainder when 893 is divided by 28.
25
Calculate the remainder when 299 is divided by 65.
39
What is the remainder when 670 is divided by 668?
2
Calculate the remainder when 236 is divided by 10.
6
What is the remainder when 147 is divided by 19?
14
Calculate the remainder when 8 is divided by 2.
0
Calculate the remainder when 159 is divided by 74.
11
What is the remainder when 318 is divided by 91?
45
What is the remainder when 1650 is divided by 14?
12
What is the remainder when 404 is divided by 45?
44
What is the remainder when 713 is divided by 9?
2
What is the remainder when 31 is divided by 11?
9
Calculate the remainder when 696 is divided by 39.
33
What is the remainder when 190 is divided by 3?
1
What is the remainder when 369 is divided by 17?
12
What is the remainder when 2582 is divided by 63?
62
What is the remainder when 1806 is divided by 27?
24
Calculate the remainder when 410 is divided by 16.
10
What is the remainder when 209 is divided by 4?
1
Calculate the remainder when 124 is divided by 34.
22
Calculate the remainder when 7915 is divided by 39.
37
What is the remainder when 5039 is divided by 28?
27
Calculate the remainder when 716 is divided by 55.
1
Calculate the remainder when 2044 is divided by 62.
60
Calculate the remainder when 259 is divided by 5.
4
What is the remainder when 30 is divided by 27?
3
What is the remainder when 206 is divided by 13?
11
What is the remainder when 286 is divided by 37?
27
Calculate the remainder when 4873 is divided by 106.
103
What is the remainder when 533 is divided by 9?
2
What is the remainder when 431 is divided by 46?
17
Calculate the remainder when 223 is divided by 103.
17
What is the remainder when 107 is divided by 12?
11
Calculate the remainder when 908 is divided by 26.
24
Calculate the remainder when 4120 is divided by 133.
130
Calculate the remainder when 61 is divided by 42.
19
Calculate the remainder when 151 is divided by 31.
27
What is the remainder when 5566 is divided by 12?
10
What is the remainder when 66947 is divided by 42?
41
Calculate the remainder when 128 is divided by 3.
2
What is the remainder when 139 is divided by 24?
19
Calculate the remainder when 2863 is divided by 21.
7
Calculate the remainder when 665 is divided by 27.
17
Calculate the remainder when 154 is divided by 26.
24
Calculate the remainder when 3625 is divided by 121.
116
What is the remainder when 47 is divided by 22?
3
What is the remainder when 101 is divided by 45?
11
Calculate the remainder when 430 is divided by 110.
100
Calculate the remainder when 240 is divided by 61.
57
Calculate the remainder when 1688 is divided by 77.
71
What is the remainder when 3592 is divided by 103?
90
Calculate the remainder when 88 is divided by 4.
0
What is the remainder when 177 is divided by 61?
55
Calculate the remainder when 1261 is divided by 16.
13
What is the remainder when 1381 is divided by 453?
22
What is the remainder when 340 is divided by 79?
24
Calculate the remainder when 354 is divided by 47.
25
Calculate the remainder when 8689 is divided by 110.
109
Calculate the remainder when 1134 is divided by 67.
62
Calculate the remainder when 747 is divided by 127.
112
Calculate the remainder when 1661 is divided by 52.
49
What is the remainder when 1269 is divided by 55?
4
What is the remainder when 66 is divided by 18?
12
Calculate the remainder when 737 is divided by 14.
9
What is the remainder when 66 is divided by 5?
1
Calculate the remainder when 211 is divided by 12.
7
Calculate the remainder when 91 is divided by 30.
1
What is the remainder when 14 is divided by 5?
4
What is the remainder when 221 is divided by 6?
5
What is the remainder when 261 is divided by 89?
83
What is the remainder when 44 is divided by 26?
18
Calculate the remainder when 809 is divided by 54.
53
What is the remainder when 333 is divided by 73?
41
What is the remainder when 1664 is divided by 45?
44
Calculate the remainder when 92 is divided by 38.
16
What is the remainder when 267 is divided by 92?
83
What is the remainder whe